of ((-237)/(-12))/((-30)/(-840))?
False
Let b = 5 - 5. Suppose 0 = -2*g - 5*o - 9, 3*g + o + 0 - 6 = b. Suppose 24 = g*j - 9. Is 7 a factor of j?
False
Let f(b) = -b**2 + 30*b - 49. Let m be f(19). Suppose 9 = 3*q, 2*k - 19 - m = -q. Is 22 a factor of k?
True
Suppose 0 = -4*f - y + 105, -4*y - 85 + 19 = -2*f. Does 18 divide (f/4)/((-18)/(-48))?
True
Suppose -h - 2*h = -3. Is 129*h - (5 - 3) a multiple of 29?
False
Let q(d) = -d**3 - 7*d**2 - 9*d + 10. Let s be q(-5). Suppose 3*x = -0*y - 3*y + 282, s = x. Does 46 divide y?
False
Is -7*(-195)/(-42)*-2 a multiple of 6?
False
Suppose 3 = -3*q, y = -y - q + 41. Let p be 2*(2 + y/6). Suppose 3*u = 9, -3*i + 34 = -4*u - p. Is i a multiple of 7?
False
Is 394320/300 - (-6)/10 a multiple of 8?
False
Suppose -119 - 2947 = -7*q. Suppose k + 0*k - 5*r = 83, -q = -5*k + 2*r. Is 16 a factor of k?
False
Let u = 100 + 119. Does 7 divide u?
False
Let w(v) be the third derivative of -v**6/60 - v**5/20 - v**3/6 - 20*v**2. Does 13 divide w(-3)?
True
Let u(b) be the third derivative of -b**4/3 + 22*b**3/3 + 13*b**2. Does 25 divide u(-7)?
True
Does 20 divide (28/(-8))/7*-979*2?
False
Suppose 266 = a + q, -4*a - q + 1245 - 172 = 0. Does 56 divide a?
False
Suppose 0 = 2*c - 0*c + 3*v - 31, -2*c - 4 = -4*v. Suppose 0 = -c*x + 4*x + 84. Suppose 5*a = -4*m + 48, m - x = 3*a - 5*a. Does 3 divide a?
True
Is 23 a factor of 470/9 - (0 - (-6)/27)?
False
Suppose -9*u - 4*t + 208 = -7*u, 0 = -4*t + 4. Does 9 divide u?
False
Let n(k) be the second derivative of k**5/20 + k**3/6 - 25*k**2/2 + k. Let a be n(0). Does 21 divide -40*(a/10 + 1)?
False
Let a = 18 - 12. Suppose a*b - 327 = 3*b. Does 29 divide b?
False
Let m(f) = 7 - f**2 + 8 + 2*f**2 - 3 + 9*f. Let s be ((-8)/10)/((-1)/(-15)). Is 6 a factor of m(s)?
True
Let j(h) = -5*h**3 + 35*h**2 - 2*h - 24. Is j(-7) a multiple of 38?
True
Let c = -602 - -804. Is c a multiple of 42?
False
Let b(f) = -2*f**3 + f + 1. Let s be b(-1). Suppose -8*h + 54 = -2*h. Suppose h = s*l - 15. Does 6 divide l?
True
Is (-232)/(-2) - (-1 + -3) a multiple of 60?
True
Suppose 0 = -2*k - 4*n + 5770, 3*k = k + n + 5750. Does 38 divide k?
False
Let v(o) = -755*o + 48. Is v(-2) a multiple of 41?
True
Let l(k) = 6*k**2 + 2*k. Let r be l(2). Suppose 29*n - 62 = r*n. Does 31 divide n?
True
Suppose 1199*u - 3504 = 1195*u. Is 12 a factor of u?
True
Let x be (65/(-7) - (-4)/14)*-3. Suppose x*i + 192 = 31*i. Does 16 divide i?
True
Let o be ((-5)/(-3))/(4/12). Let b(r) = 3 - 4*r**3 - o*r**3 - 2*r + r - 3*r**2 - 1. Is b(-2) a multiple of 20?
False
Let m be (-43)/(-5) + (-15)/25. Suppose 3*a + 4*u = m*u + 104, -5*a - u = -135. Is a a multiple of 3?
False
Let p = 11 + -13. Is p/7 - (-161)/49 even?
False
Let l(c) = 8*c**2 + 3*c + 1. Let x be l(3). Let b = x - -81. Is b a multiple of 8?
False
Let l(m) = 5*m + 7. Let f be l(-5). Let o(a) = -a**2 + 8*a + 14. Let t be o(10). Is (-363)/f + 1/t a multiple of 20?
True
Suppose t = -g + 62, 2*g + g - 72 = -t. Let j = t - 31. Does 10 divide j?
False
Suppose 864*u - 856*u - 5040 = 0. Does 35 divide u?
True
Suppose 18 = -7*o + 13*o. Suppose b = o*c + 291 - 987, -4*c = 4*b - 912. Is 46 a factor of c?
False
Suppose -2*p - 14 = -b - 3*b, 5*p = 2*b - 27. Let h = -93 + 80. Let f = p - h. Is 3 a factor of f?
False
Suppose 4*b = -b + 870. Is 6 a factor of b?
True
Let a(t) = -6*t**2 - t**3 + 8*t + 4 - 5*t - 6 - 6*t. Does 4 divide a(-6)?
True
Let z(j) = -j**3 - 14*j**2 + 83*j + 7. Does 33 divide z(-19)?
False
Let a(g) = -8*g - 21. Let t be a(-6). Suppose -23*s + t*s = 144. Does 12 divide s?
True
Let p = -41 - -151. Does 5 divide p?
True
Let h(y) = 0 + 1 + 11*y - 9*y + 2*y**2 + 4*y**3. Let x be h(-1). Let g(j) = -9*j - 6. Is g(x) a multiple of 12?
False
Let h = 38 + -3. Suppose 5*y = -2*i + h, 3*i = 5*y - 5 - 5. Is 5 a factor of i?
True
Let t(x) = 7 - 3*x + 0 + 6*x. Let q be t(6). Suppose 2*n - 31 - q = 0. Is 4 a factor of n?
True
Let s(m) = 3*m + 6 - 4*m**2 + 5*m**2 - 3. Let a = 0 + -5. Is 13 a factor of s(a)?
True
Suppose -18*k + 10633 = -473. Does 26 divide k?
False
Let b(p) be the second derivative of 7*p**4/6 - p**3/3 + 5*p**2/2 + 8*p. Is b(3) a multiple of 24?
False
Let f be (-1236)/(-22) + (-2)/11. Let c = f - 23. Let w = -15 + c. Is 6 a factor of w?
True
Let s(g) = 0*g**3 + 1 + 2 + 2*g**3 + g. Let q = 38 - 35. Is 16 a factor of s(q)?
False
Let a be (141/(-9))/((-4)/(-12)). Let z = a - -133. Does 12 divide z?
False
Let a be 1/1*-9*3. Let t(w) = -w - 10. Let u be t(11). Let v = u - a. Is v even?
True
Let p be (0 + (-214)/4)*-2 - -2. Let c = -14 + p. Does 21 divide c?
False
Is 21/(-70)*2*(1 - 6) a multiple of 2?
False
Suppose -10 = -2*r, -d - 4*r + 2*r + 16 = 0. Suppose 0 = 3*n - 2*p - 527, p - 179 = 5*n - d*n. Does 58 divide n?
False
Let i be 93/9*-1*(-6)/(-1). Let s = -18 - i. Does 9 divide s?
False
Let b = 64 - -43. Does 4 divide b?
False
Let n(z) be the first derivative of z**4/2 + z**3 - z**2 - 7*z - 1. Let k(r) = 4*r**3 + 7*r**2 - 3*r - 13. Let v(j) = -3*k(j) + 5*n(j). Does 10 divide v(-4)?
True
Let b be (264/(-55))/((-3)/20). Suppose 2*r = -2*c - 2*c + 78, 0 = c + 3*r - b. Suppose 4*y = -1 + c. Is 2 a factor of y?
True
Let w = -1 - -3. Suppose 232 = w*p - 2*r, 5*p - 5*r = 4*p + 112. Is p a multiple of 16?
False
Suppose -p = -2*k + 50, -5*k + 3*p = -0*k - 125. Let h = k + -12. Is h a multiple of 2?
False
Let a = -180 - -544. Is a a multiple of 91?
True
Suppose 4*t = 22 + 314. Is 9 a factor of t?
False
Suppose 0 = -3*i - 65 + 305. Is i a multiple of 5?
True
Let x(t) = 6*t**2 - t. Let n be x(1). Suppose -y - 40 = -5*y - 4*k, 4*y - 4*k - 32 = 0. Let g = n + y. Is g a multiple of 7?
True
Let c = -328 - -520. Is 24 a factor of c?
True
Let h(d) = -26*d - 9. Let g be h(6). Let j = -94 - g. Is j a multiple of 11?
False
Does 20 divide (-71360)/(-60) + (16/6 - 2)?
False
Let i = -83 - -87. Is 11 a factor of (-5)/10 - ((-654)/i)/3?
False
Let z = 318 - -1816. Is z a multiple of 97?
True
Suppose -5*t - 3*r + 734 = -282, -1040 = -5*t + 5*r. Does 10 divide t?
False
Let w be (-20)/90 - 209/(-9). Let y = -6 + 11. Suppose 3*z = -y*o + w, -6 = 2*o + 4. Is z a multiple of 8?
True
Suppose 4*i + 4*k - 204 = k, 5*i = -5*k + 255. Is 14 a factor of (4/(-6))/((-2)/i)?
False
Suppose 21 = -2*p + 31. Suppose -p*a + 8*a - 321 = 0. Does 22 divide a?
False
Suppose -3*r + 86 + 19 = 0. Suppose 4*u + 3 = r. Is 3 a factor of u?
False
Let h(s) = -s**3 - s**2 + s + 3. Let z be h(0). Suppose 0 = -3*y - 3*q + 69, -z*q = -3*y + 46 + 5. Is 10 a factor of y?
True
Let b(h) = h**2 + 9*h + 10. Let x be b(-8). Let q(i) = -8*i + i - i - i**x - 6*i - 2. Is q(-10) a multiple of 19?
True
Does 5 divide 505 + (5 - 4 - 11)?
True
Is 109825/46*(-4)/(-5) a multiple of 10?
True
Let p(c) = -c**3 + c**2 - 3*c + 3. Let w = 3 + -8. Let u be p(w). Suppose -3*n = j - 0 - u, -225 = -4*n - j. Is 19 a factor of n?
True
Suppose -55 - 3515 = -3*j. Is j a multiple of 85?
True
Let l(y) = 7*y + 235. Is 9 a factor of l(-31)?
True
Let m(k) = -k**3 + 4*k**2 + k + 1. Let j be m(3). Is 34 a factor of -3 - j/((-65)/550)?
False
Let h = -52 - -54. Suppose -h*o + 0*q + 69 = -3*q, -4*o - 4*q = -148. Is o a multiple of 4?
True
Let n(p) = -50*p + 61. Is n(-6) a multiple of 19?
True
Suppose -3*m = 2*c - 23, -2*c - 17 = -0*c - 5*m. Suppose -c*w + 24 = 92. Let v = w + 30. Does 9 divide v?
False
Suppose -3*i - t = -3617, -5*i + i + 2*t + 4806 = 0. Suppose i = 13*x + x. Does 11 divide x?
False
Suppose -4*y = z + 1 - 2, 4*z + 5*y = -18. Let b be 21/(129/(-78) + (-6)/(-39)). Is (-690)/b + 2/z a multiple of 26?
False
Let p be 6/(-4) - (-21)/14. Suppose p = k - 2*k + 4*n + 47, -94 = -2*k + n. Does 9 divide k?
False
Suppose 12*s - 4270 = -1330. Is s a multiple of 35?
True
Suppose -3*x = -4*p - 76, 2*p - 118 = -4*x - p. Let s = 48 - x. Is 5 a factor of s?
True
Let n(r) = r**2 - 21*r + 40. Let x(s) = s. Let g(u) = n(u) - 5*x(u). Does 9 divide g(25)?
False
Suppose -84 = -3*w - 0*w + 4*p, 0 = p. Does 6 divide (-1188)/(-28) - 12/w?
True
Suppose -10 = -n + 6*n. Let m = -23 - -29. Does 24 divide 75 - m*(-1)/n?
True
Is 105/(-21) + (81 - -2) a multiple of 2?
True
Let z(a) = a**3 - 3*a**2 + 3*a - 7. Let o be z(3). Suppose 0*x + o*c = 4*x - 168, -76 = -2*x - c. Does 7 divide x?
False
Let j = 63 + 3. Let u = -36 + j. Is 16 a factor of u?
False
Let h be (16/(-56) + (-47)/7)*1. L